{"id":17,"date":"2021-08-24T12:06:51","date_gmt":"2021-08-24T12:06:51","guid":{"rendered":"http:\/\/www.juntaislamica.org\/?page_id=17"},"modified":"2023-09-11T15:41:08","modified_gmt":"2023-09-11T15:41:08","slug":"quienes-somos","status":"publish","type":"page","link":"https:\/\/www.juntaislamica.org\/?page_id=17","title":{"rendered":"Sobre nosotros"},"content":{"rendered":"<p>[vc_row][vc_column][vc_column_text css=&#8221;.vc_custom_1630488897188{background-color: #ffffff !important;}&#8221;]<\/p>\n<h4>Junta Isl\u00e1mica es una organizaci\u00f3n sin \u00e1nimo de lucro, comunidad religiosa isl\u00e1mica, de \u00e1mbito nacional, fundada en el a\u00f1o 1.989, con el objetivo principal de articular, organizar y contribuir a la consecuci\u00f3n de los derechos civiles de la ciudadan\u00eda musulmana en Espa\u00f1a.<\/h4>\n<p>[\/vc_column_text][vc_separator color=&#8221;custom&#8221; border_width=&#8221;3&#8243; accent_color=&#8221;#028926&#8243;][vc_row_inner][vc_column_inner width=&#8221;1\/2&#8243;][vc_empty_space][vc_column_text]<\/p>\n<div class=\"wp-block-column\">\n<p>Somos la <strong>entidad decana del islam en Espa\u00f1a,<\/strong> llevamos m\u00e1s de 30 a\u00f1os siendo <strong>nuestra misi\u00f3n<\/strong> servicio de la ciudadan\u00eda musulmana. Realizamos nuestro trabajo, siempre en defensa de los derechos y obligaciones de los ciudadanos diversos, desde <strong>nuestra\u00a0visi\u00f3n<\/strong> independiente y progresista. <strong>Nuestros valores<\/strong> se centran en la <strong>Sunna<\/strong>, la\u00a0<strong>libertad<\/strong>\u00a0 y el <strong>principio de<\/strong>\u00a0<strong>igualdad democr\u00e1tico<\/strong>, que son los elementos imprescindibles en nuestro trabajo diario.<\/p>\n<p>En este sentido, Junta Isl\u00e1mica es una de las comunidades decanas del islam espa\u00f1ol y m\u00e1s implicadas en hacer posible el <a href=\"https:\/\/www.boe.es\/buscar\/act.php?id=BOE-A-1992-24855\" target=\"_blank\" rel=\"noreferrer noopener\" data-type=\"URL\" data-id=\"https:\/\/www.boe.es\/buscar\/act.php?id=BOE-A-1992-24855\">Acuerdo de Cooperaci\u00f3n, firmado en 1992, entre el Estado y la Comisi\u00f3n Isl\u00e1mica de Espa\u00f1a (CIE)<\/a>. En \u00e9l se recogen los derechos y deberes que la Constituci\u00f3n Espa\u00f1ola reconoce los derechos a la ciudan\u00eda de confesi\u00f3n musulmana.\u00a0Junta Isl\u00e1mica siempre ha estado comprometida con la sociedad civil musulmana.<\/p>\n<p>El presidente de Junta Isl\u00e1mica durante m\u00e1s de 20 a\u00f1os, el <a href=\"https:\/\/es.wikipedia.org\/wiki\/Mansur_Escudero\" target=\"_blank\" rel=\"noreferrer noopener\" data-type=\"URL\" data-id=\"https:\/\/es.wikipedia.org\/wiki\/Mansur_Escudero\">Dr. Mansur Escudero<\/a>, fue cofundador de la Comisi\u00f3n Isl\u00e1mica de Espa\u00f1a (CIE) y su Secretario General hasta 2006. Quien, adem\u00e1s, ejerci\u00f3 de presidente de la Federaci\u00f3n Espa\u00f1ola de Entidades Religiosas Isl\u00e1micas (FEERI) hasta 2002.<\/p>\n<p>Desde 2013, <strong>Isabel Romero<\/strong> es la presidenta de la organizaci\u00f3n, quien ha impulsado numerosas iniciativas en el \u00e1mbito de la sociedad civil, la convivencia democr\u00e1tica y el sector halal. Bajo su mandato, Junta Isl\u00e1mica sigue siendo una de las comunidades m\u00e1s punteras en la b\u00fasqueda de una ciudadan\u00eda diversa.<\/p>\n<\/div>\n<p>[\/vc_column_text][\/vc_column_inner][vc_column_inner width=&#8221;1\/2&#8243;][vc_single_image image=&#8221;147&#8243; img_size=&#8221;large&#8221; add_caption=&#8221;yes&#8221;][vc_column_text]<\/p>\n<p style=\"text-align: center;\"><strong>Dr. Mansur Escudero<\/strong> (1947-2010)<br \/>\nFundador de Junta Isl\u00e1mica[\/vc_column_text][\/vc_column_inner][\/vc_row_inner][vc_empty_space height=&#8221;60px&#8221;][vc_text_separator title=&#8221;CONOCE A NUESTRO EQUIPO&#8221; color=&#8221;custom&#8221; border_width=&#8221;3&#8243; el_width=&#8221;80&#8243; accent_color=&#8221;#028926&#8243;][vc_row_inner][vc_column_inner width=&#8221;1\/3&#8243;][vc_single_image image=&#8221;54&#8243; img_size=&#8221;medium&#8221; alignment=&#8221;center&#8221;][vc_column_text]<\/p>\n<p style=\"text-align: center;\"><strong>Maryam Isabel Romero<\/strong><br \/>\nPresidenta de Junta Isl\u00e1mica[\/vc_column_text][\/vc_column_inner][vc_column_inner width=&#8221;1\/3&#8243;][\/vc_column_inner][vc_column_inner width=&#8221;1\/3&#8243;][vc_single_image image=&#8221;200&#8243; img_size=&#8221;large&#8221; alignment=&#8221;center&#8221;][vc_column_text]<\/p>\n<p style=\"text-align: center;\"><strong>Muhammad Escudero<\/strong><br \/>\nVicepresidente y responsable de Relaciones Internacionales[\/vc_column_text][\/vc_column_inner][\/vc_row_inner][vc_row_inner][vc_column_inner width=&#8221;1\/3&#8243;][vc_single_image image=&#8221;395&#8243; img_size=&#8221;medium&#8221; alignment=&#8221;center&#8221;][vc_column_text]<\/p>\n<p style=\"text-align: center;\"><strong>Dra. B\u00e1rbara Hayat Ruiz-Bejarano<\/strong><br \/>\nSecretaria General y responsable de proyectos[\/vc_column_text][\/vc_column_inner][vc_column_inner width=&#8221;1\/3&#8243;][vc_single_image image=&#8221;392&#8243; img_size=&#8221;medium&#8221; alignment=&#8221;center&#8221;][vc_column_text]<\/p>\n<p style=\"text-align: center;\"><b>Yusuf Cadelo<br \/>\n<\/b>Vocal[\/vc_column_text][\/vc_column_inner][vc_column_inner width=&#8221;1\/3&#8243;][vc_single_image image=&#8221;198&#8243; img_size=&#8221;medium&#8221; alignment=&#8221;center&#8221;][vc_column_text]<\/p>\n<p style=\"text-align: center;\"><strong>Hanif Escudero<\/strong><br \/>\nVocal[\/vc_column_text][\/vc_column_inner][\/vc_row_inner][\/vc_column][\/vc_row]<\/p>\n","protected":false},"excerpt":{"rendered":"<p>[vc_row][vc_column][vc_column_text css=&#8221;.vc_custom_1630488897188{background-color: #ffffff !important;}&#8221;] Junta Isl\u00e1mica es una organizaci\u00f3n sin \u00e1nimo de lucro, comunidad religiosa isl\u00e1mica, de \u00e1mbito nacional, fundada&#8230;<\/p>\n","protected":false},"author":2,"featured_media":0,"parent":0,"menu_order":0,"comment_status":"closed","ping_status":"closed","template":"","meta":{"footnotes":""},"class_list":["post-17","page","type-page","status-publish","hentry"],"_links":{"self":[{"href":"https:\/\/www.juntaislamica.org\/index.php?rest_route=\/wp\/v2\/pages\/17","targetHints":{"allow":["GET"]}}],"collection":[{"href":"https:\/\/www.juntaislamica.org\/index.php?rest_route=\/wp\/v2\/pages"}],"about":[{"href":"https:\/\/www.juntaislamica.org\/index.php?rest_route=\/wp\/v2\/types\/page"}],"author":[{"embeddable":true,"href":"https:\/\/www.juntaislamica.org\/index.php?rest_route=\/wp\/v2\/users\/2"}],"replies":[{"embeddable":true,"href":"https:\/\/www.juntaislamica.org\/index.php?rest_route=%2Fwp%2Fv2%2Fcomments&post=17"}],"version-history":[{"count":58,"href":"https:\/\/www.juntaislamica.org\/index.php?rest_route=\/wp\/v2\/pages\/17\/revisions"}],"predecessor-version":[{"id":486,"href":"https:\/\/www.juntaislamica.org\/index.php?rest_route=\/wp\/v2\/pages\/17\/revisions\/486"}],"wp:attachment":[{"href":"https:\/\/www.juntaislamica.org\/index.php?rest_route=%2Fwp%2Fv2%2Fmedia&parent=17"}],"curies":[{"name":"wp","href":"https:\/\/api.w.org\/{rel}","templated":true}]}}

<p>[vc_row][vc_column][vc_column_text css=&#8221;.vc_custom_1630488897188{background-color: #ffffff !important;}&#8221;]</p>
<h4>Junta Islámica es una organización sin ánimo de lucro, comunidad religiosa islámica, de ámbito nacional, fundada en el año 1.989, con el objetivo principal de articular, organizar y contribuir a la consecución de los derechos civiles de la ciudadanía musulmana en España.</h4>
<p>[/vc_column_text][vc_separator color=&#8221;custom&#8221; border_width=&#8221;3&#8243; accent_color=&#8221;#028926&#8243;][vc_row_inner][vc_column_inner width=&#8221;1/2&#8243;][vc_empty_space][vc_column_text]</p>
<div class="wp-block-column">
<p>Somos la <strong>entidad decana del islam en España,</strong> llevamos más de 30 años siendo <strong>nuestra misión</strong> servicio de la ciudadanía musulmana. Realizamos nuestro trabajo, siempre en defensa de los derechos y obligaciones de los ciudadanos diversos, desde <strong>nuestra visión</strong> independiente y progresista. <strong>Nuestros valores</strong> se centran en la <strong>Sunna</strong>, la <strong>libertad</strong>  y el <strong>principio de</strong> <strong>igualdad democrático</strong>, que son los elementos imprescindibles en nuestro trabajo diario.</p>
<p>En este sentido, Junta Islámica es una de las comunidades decanas del islam español y más implicadas en hacer posible el <a href="https://www.boe.es/buscar/act.php?id=BOE-A-1992-24855" target="_blank" rel="noreferrer noopener" data-type="URL" data-id="https://www.boe.es/buscar/act.php?id=BOE-A-1992-24855">Acuerdo de Cooperación, firmado en 1992, entre el Estado y la Comisión Islámica de España (CIE)</a>. En él se recogen los derechos y deberes que la Constitución Española reconoce los derechos a la ciudanía de confesión musulmana. Junta Islámica siempre ha estado comprometida con la sociedad civil musulmana.</p>
<p>El presidente de Junta Islámica durante más de 20 años, el <a href="https://es.wikipedia.org/wiki/Mansur_Escudero" target="_blank" rel="noreferrer noopener" data-type="URL" data-id="https://es.wikipedia.org/wiki/Mansur_Escudero">Dr. Mansur Escudero</a>, fue cofundador de la Comisión Islámica de España (CIE) y su Secretario General hasta 2006. Quien, además, ejerció de presidente de la Federación Española de Entidades Religiosas Islámicas (FEERI) hasta 2002.</p>
<p>Desde 2013, <strong>Isabel Romero</strong> es la presidenta de la organización, quien ha impulsado numerosas iniciativas en el ámbito de la sociedad civil, la convivencia democrática y el sector halal. Bajo su mandato, Junta Islámica sigue siendo una de las comunidades más punteras en la búsqueda de una ciudadanía diversa.</p>
</div>
<p>[/vc_column_text][/vc_column_inner][vc_column_inner width=&#8221;1/2&#8243;][vc_single_image image=&#8221;147&#8243; img_size=&#8221;large&#8221; add_caption=&#8221;yes&#8221;][vc_column_text]</p>
<p style="text-align: center;"><strong>Dr. Mansur Escudero</strong> (1947-2010)<br />
Fundador de Junta Islámica[/vc_column_text][/vc_column_inner][/vc_row_inner][vc_empty_space height=&#8221;60px&#8221;][vc_text_separator title=&#8221;CONOCE A NUESTRO EQUIPO&#8221; color=&#8221;custom&#8221; border_width=&#8221;3&#8243; el_width=&#8221;80&#8243; accent_color=&#8221;#028926&#8243;][vc_row_inner][vc_column_inner width=&#8221;1/3&#8243;][vc_single_image image=&#8221;54&#8243; img_size=&#8221;medium&#8221; alignment=&#8221;center&#8221;][vc_column_text]</p>
<p style="text-align: center;"><strong>Maryam Isabel Romero</strong><br />
Presidenta de Junta Islámica[/vc_column_text][/vc_column_inner][vc_column_inner width=&#8221;1/3&#8243;][/vc_column_inner][vc_column_inner width=&#8221;1/3&#8243;][vc_single_image image=&#8221;200&#8243; img_size=&#8221;large&#8221; alignment=&#8221;center&#8221;][vc_column_text]</p>
<p style="text-align: center;"><strong>Muhammad Escudero</strong><br />
Vicepresidente y responsable de Relaciones Internacionales[/vc_column_text][/vc_column_inner][/vc_row_inner][vc_row_inner][vc_column_inner width=&#8221;1/3&#8243;][vc_single_image image=&#8221;395&#8243; img_size=&#8221;medium&#8221; alignment=&#8221;center&#8221;][vc_column_text]</p>
<p style="text-align: center;"><strong>Dra. Bárbara Hayat Ruiz-Bejarano</strong><br />
Secretaria General y responsable de proyectos[/vc_column_text][/vc_column_inner][vc_column_inner width=&#8221;1/3&#8243;][vc_single_image image=&#8221;392&#8243; img_size=&#8221;medium&#8221; alignment=&#8221;center&#8221;][vc_column_text]</p>
<p style="text-align: center;"><b>Yusuf Cadelo<br />
</b>Vocal[/vc_column_text][/vc_column_inner][vc_column_inner width=&#8221;1/3&#8243;][vc_single_image image=&#8221;198&#8243; img_size=&#8221;medium&#8221; alignment=&#8221;center&#8221;][vc_column_text]</p>
<p style="text-align: center;"><strong>Hanif Escudero</strong><br />
Vocal[/vc_column_text][/vc_column_inner][/vc_row_inner][/vc_column][/vc_row]</p>

<p>[vc_row][vc_column][vc_column_text css=&#8221;.vc_custom_1630488897188{background-color: #ffffff !important;}&#8221;] Junta Islámica es una organización sin ánimo de lucro, comunidad religiosa islámica, de ámbito nacional, fundada&#8230;</p>
